
21001
In base 2, what is -101 + -10000011?
-10001000
In base 10, what is -1738 - 0?
-1738
In base 10, what is -18 - 7?
-25
In base 15, what is 0 - 1a59?
-1a59
In base 8, what is -6 + 13?
5
In base 12, what is 232 - 2?
230
In base 15, what is 110 - -11?
121
In base 2, what is 1101101001010 - -11?
1101101001101
In base 9, what is 68 - -4?
73
In base 5, what is -123 - -31?
-42
In base 4, what is 103211 + 2?
103213
In base 2, what is -111 + 100100011?
100011100
In base 5, what is -32 - 22?
-104
In base 4, what is 1011 + -112?
233
In base 13, what is 616 + 1?
617
In base 11, what is 2 + 32?
34
In base 2, what is 1101 + -10011111?
-10010010
In base 16, what is 2 + 2f6?
2f8
In base 15, what is -1d + -15?
-33
In base 6, what is 155 + 5?
204
In base 7, what is -1 - 531?
-532
In base 11, what is 47 - 5?
42
In base 15, what is 2 + 14?
16
In base 7, what is 2 + 4063?
4065
In base 13, what is 1 - 62a?
-629
In base 6, what is -3031 + -4?
-3035
In base 3, what is -100021210 - 2?
-100021212
In base 10, what is -1 + 18?
17
In base 6, what is -5 + -2243?
-2252
In base 10, what is 8 + -12?
-4
In base 16, what is -4 + 13c?
138
In base 3, what is -2 - -21102?
21100
In base 16, what is 0 + ca?
ca
In base 7, what is 14 + -5?
6
In base 15, what is -8a + -c?
-97
In base 8, what is 5 - -3?
10
In base 15, what is -1 - -5?
4
In base 15, what is -d - a8?
-b6
In base 9, what is -42 + 4?
-37
In base 11, what is a7 - 47?
60
In base 6, what is -241151 - 3?
-241154
In base 15, what is -53c - 0?
-53c
In base 15, what is -5b + 23?
-38
In base 5, what is 2233 - -4?
2242
In base 9, what is 4604 + -4?
4600
In base 12, what is b4 - 3?
b1
In base 12, what is 1953 - -2?
1955
In base 15, what is -5 - 19a6?
-19ab
In base 3, what is -100000 - 1?
-100001
In base 4, what is 120 - 22?
32
In base 7, what is -25 - 6?
-34
In base 12, what is 136 - 9?
129
In base 16, what is -d - 3ee?
-3fb
In base 15, what is 18 - -2?
1a
In base 2, what is -10 + -110011?
-110101
In base 15, what is 12b + -3?
128
In base 8, what is -1 + -65?
-66
In base 4, what is 130210 + -1?
130203
In base 4, what is 0 - 33010?
-33010
In base 9, what is -572 + 1?
-571
In base 7, what is 31 + -61?
-30
In base 8, what is 427 - -3?
432
In base 14, what is 37a + -1?
379
In base 16, what is 2 + 7f1?
7f3
In base 4, what is 1331 + 103?
2100
In base 13, what is 7 - 15?
-b
In base 13, what is 0 + -2c6?
-2c6
In base 7, what is 31552 + 2?
31554
In base 10, what is -35 - 12?
-47
In base 15, what is -36 - -8?
-2d
In base 10, what is 5 + 1879?
1884
In base 9, what is 2 + -68?
-66
In base 2, what is -110 + 10100011011?
10100010101
In base 5, what is 123 + -14?
104
In base 9, what is -1143 + 4?
-1138
In base 16, what is cf + -1?
ce
In base 8, what is 0 - 151?
-151
In base 2, what is -100 + -1010001?
-1010101
In base 7, what is -132 - -2?
-130
In base 2, what is -11011101001100 - -11?
-11011101001001
In base 16, what is 4ad - 4?
4a9
In base 8, what is 5 - -465?
472
In base 15, what is 3 + -1c?
-19
In base 6, what is -1431 - -2?
-1425
In base 9, what is -61 - -2?
-58
In base 10, what is 64 - 8?
56
In base 14, what is -3 - -1c8?
1c5
In base 11, what is 9 - 6?
3
In base 14, what is -3 + -2?
-5
In base 7, what is -13100 + 1?
-13066
In base 9, what is -2 + 30?
27
In base 16, what is 828 + -1?
827
In base 8, what is 5 + -31?
-24
In base 10, what is 0 - -139?
139
In base 9, what is 4 + -512?
-507
In base 12, what is 3 - 9?
-6
In base 6, what is 11 - 45?
-34
In base 13, what is 3a37 - -5?
3a3c
In base 7, what is -120 + -121?
-241
In base 8, what is -5310 - 7?
-5317
In base 4, what is -2 + -23130?
-23132
In base 13, what is 64 - 27?
3a
In base 5, what is 23 - 11002?
-10424
In base 9, what is 8084 + 0?
8084
In base 9, what is 572 + 17?
600
In base 8, what is 1052 + -7?
1043
In base 15, what is 32 - 2d4?
-2a2
In base 10, what is -1763 - 6?
-1769
In base 9, what is 6 - -2?
8
In base 3, what is 1000210 - 10?
1000200
In base 10, what is -252 - -5?
-247
In base 15, what is 4 + -17?
-13
In base 14, what is 0 - -a7?
a7
In base 11, what is 119 + -5?
114
In base 16, what is 0 - 58b?
-58b
In base 14, what is 3 - 343?
-340
In base 14, what is 40 - -1d?
5d
In base 16, what is -15f6 - -4?
-15f2
In base 14, what is 3 - -a8?
ab
In base 2, what is 10110 - 10?
10100
In base 5, what is 13002 - -1?
13003
In base 8, what is 1 - -6075?
6076
In base 2, what is 10001 - -101?
10110
In base 11, what is -528 + 3?
-525
In base 8, what is -4273 - -3?
-4270
In base 5, what is -22 + 0?
-22
In base 9, what is 0 + -2868?
-2868
In base 10, what is 65 + -1?
64
In base 12, what is -3 + -135?
-138
In base 6, what is -432 + 5?
-423
In base 10, what is 11 + -74?
-63
In base 2, what is -100 - 1101101?
-1110001
In base 9, what is 23366 + 4?
23371
In base 14, what is 18 - cc?
-b4
In base 3, what is 122011 + -10?
122001
In base 16, what is -4 - -2a?
26
In base 8, what is -3 - -107?
104
In base 13, what is 3 - -2?
5
In base 11, what is 13 - 1?
12
In base 8, what is -1107 + -7?
-1116
In base 6, what is 1522 - 0?
1522
In base 15, what is 1 - -b1?
b2
In base 6, what is 2 - 3144?
-3142
In base 12, what is 16 - 2?
14
In base 6, what is 4 - 325?
-321
In base 16, what is -13 + -c?
-1f
In base 3, what is 122212 - -10?
122222
In base 9, what is 3 - 383?
-380
In base 13, what is -b + -8?
-16
In base 10, what is -8557 + 1?
-8556
In base 16, what is -4 + -240?
-244
In base 10, what is 66 - 109?
-43
In base 13, what is 124c1 + -4?
124ba
In base 15, what is -1 - -88?
87
In base 5, what is 140 - -133?
323
In base 16, what is 4 - 1f3?
-1ef
In base 15, what is 102 - 10?
e2
In base 7, what is 330 - -1?
331
In base 7, what is 0 - 253?
-253
In base 6, what is 320140 - -1?
320141
In base 12, what is -216 + 4?
-212
In base 6, what is -14 - -3?
-11
In base 12, what is -4 + -18?
-20
In base 4, what is -1222101 - -10?
-1222031
In base 5, what is -1 - 2010?
-2011
In base 6, what is -253 + -2?
-255
In base 7, what is -63 + -120?
-213
In base 10, what is 434 - -4?
438
In base 14, what is 4d2 - -2?
4d4
In base 4, what is 3303 + 11?
3320
In base 7, what is 2 + -2164?
-2162
In base 6, what is -53 + -1?
-54
In base 16, what is 121 - -1c?
13d
In base 4, what is 10123 + -3?
10120
In base 3, what is -20100 - 0?
-20100
In base 6, what is -5 + -2242?
-2251
In base 14, what is 4 - -9?
d
In base 6, what is -12033 + 5?
-12024
In base 7, what is -135 - -5?
-130
In base 16, what is 2c - -c?
38
In base 13, what is 903 - -2?
905
In base 15, what is 72 + 2?
74
In base 4, what is 3 - -12301?
12310
In base 8, what is -3126 + 5?
-3121
In base 8, what is 242 + 3?
245
In base 8, what is 471 + -2?
467
In base 7, what is -50 - -2?
-45
In base 11, what is 847 + 2?
849
In base 4, what is -21 - -33?
12
In base 9, what is -15 - 15?
-31
In base 6, what is -5 - 42041?
-42050
In base 13, what is 2 - 1ba?
-1b8
In base 12, what is a2 + -11?
91
In base 3, what is -11 - 112?
-200
In base 4, what is -3030 - 1?
-3031
In base 15, what is -7a - e?
-89
In base 7, what is 0 - 254?
-254
In base 4, what is 233 + -10212?
-3313
In base 2, what is 11001001110 - 100?
11001001010
In base 5, what is -10 + -102?
-112
In base 10, what is -8434 + 3?
-8431
In base 3, what is 12221211 - 2?
12221202
In base 13, what is -2 + 155?
153
In base 8, what is 27 + 0?
27
In base 3, what is 202220 - 0?
202220
In base 11, what is -793 - -2?
-791
In base 6, what is 4 - 240?
-232
In base 14, what is 2d + -2a?
3
In base 9, what is -11 + 215?
204
In base 6, what is -3033 - -2?
-3031
In base 5, what is -4 - -344?
340
In base 15, what is -2 + 2?
0
In base 4, what is 1213 - 23?
1130
In base 7, what is -4 - 33?
-40
In base 6, what is 10 - -155?
205
In base 13, what is c - -127?
136
In base 16, what is 2d - -169?
196
In base 4, what is -1 + 1202?
1201
In base 16, what is -2de - 12?
-2f0
In base 11, what is -1 - 1726?
-1727
In base 4, what is 213 - 1?
212
In base 9, what is 2867 + 4?
2872
In base 9, what is -4 - -11016?
11012
In base 5, what is -2 + 111?
104
In base 2, what is -10 - -1100100?
1100010
In base 9, what is 71 - -2?
73
In base 8, what is -3 - 21?
-24
In base 5, what is -2 - -222423?
222421
In base 7, what is 151 + 33?
214
In base 11, what is -132 - -5?
-128
In base 9, what is 727 - 12?
715
In base 8, what is 30472 + -1?
30471
In base 3, what is -202022220 - -2?
-202022211
In base